{"id":11,"date":"2023-07-06T08:58:26","date_gmt":"2023-07-06T06:58:26","guid":{"rendered":"https:\/\/vigadvasiros.2rk.hu\/?page_id=11"},"modified":"2023-07-11T14:56:49","modified_gmt":"2023-07-11T12:56:49","slug":"fooldal","status":"publish","type":"page","link":"https:\/\/vigadvasiros.2rk.hu\/","title":{"rendered":""},"content":{"rendered":"\n<figure class=\"wp-block-image size-large\"><img loading=\"lazy\" decoding=\"async\" width=\"1024\" height=\"282\" src=\"http:\/\/vigadvasiros.2rk.hu\/wp-content\/uploads\/2023\/07\/vigadva-siros-felirat-weboldalra-attetszo-hatter-1-e1689080204155-1024x282.png\" alt=\"\" class=\"wp-image-114\" srcset=\"https:\/\/vigadvasiros.2rk.hu\/wp-content\/uploads\/2023\/07\/vigadva-siros-felirat-weboldalra-attetszo-hatter-1-e1689080204155-1024x282.png 1024w, https:\/\/vigadvasiros.2rk.hu\/wp-content\/uploads\/2023\/07\/vigadva-siros-felirat-weboldalra-attetszo-hatter-1-e1689080204155-300x83.png 300w, https:\/\/vigadvasiros.2rk.hu\/wp-content\/uploads\/2023\/07\/vigadva-siros-felirat-weboldalra-attetszo-hatter-1-e1689080204155-768x211.png 768w, https:\/\/vigadvasiros.2rk.hu\/wp-content\/uploads\/2023\/07\/vigadva-siros-felirat-weboldalra-attetszo-hatter-1-e1689080204155-1536x422.png 1536w, https:\/\/vigadvasiros.2rk.hu\/wp-content\/uploads\/2023\/07\/vigadva-siros-felirat-weboldalra-attetszo-hatter-1-e1689080204155-2048x563.png 2048w\" sizes=\"auto, (max-width: 1024px) 100vw, 1024px\" \/><\/figure>\n\n\n\n<figure class=\"wp-block-image size-large\"><img loading=\"lazy\" decoding=\"async\" width=\"1024\" height=\"768\" src=\"http:\/\/vigadvasiros.2rk.hu\/wp-content\/uploads\/2023\/07\/1-1024x768.png\" alt=\"\" class=\"wp-image-34\" srcset=\"https:\/\/vigadvasiros.2rk.hu\/wp-content\/uploads\/2023\/07\/1-1024x768.png 1024w, https:\/\/vigadvasiros.2rk.hu\/wp-content\/uploads\/2023\/07\/1-300x225.png 300w, https:\/\/vigadvasiros.2rk.hu\/wp-content\/uploads\/2023\/07\/1-768x576.png 768w, https:\/\/vigadvasiros.2rk.hu\/wp-content\/uploads\/2023\/07\/1-1536x1152.png 1536w, https:\/\/vigadvasiros.2rk.hu\/wp-content\/uploads\/2023\/07\/1-2048x1536.png 2048w\" sizes=\"auto, (max-width: 1024px) 100vw, 1024px\" \/><\/figure>\n\n\n\n<p>Kik vagyunk?<\/p>\n\n\n\n<p>A M\u00e1sodik Reformkorn\u00e1l abban hisz\u00fcnk, hogy a pillanat ural\u00e1sa helyett t\u00f6rt\u00e9nelmileg is maradand\u00f3 \u00e9rt\u00e9kteremt\u00e9sre van sz\u00fcks\u00e9g. Az\u00e9rt dolgozunk, hogy t\u00fall\u00e9pj\u00fcnk a t\u00f6rzsi gondolkod\u00e1son \u00e9s egy \u00f6nbecs\u00fcl\u00e9ssel rendelkez\u0151, polg\u00e1ri Magyarorsz\u00e1g sz\u00fclethessen. Keress\u00fck azokat az embereket, akikkel k\u00f6z\u00f6sen tudunk alkotni \u00e9s gyarap\u00edtani, hisz a v\u00e1ltoz\u00e1sra, a m\u00e1sodik reformkorra nem v\u00e1rni kell, hanem tenni \u00e9rte.<\/p>\n\n\n\n<p>Mi\u00e9rt csin\u00e1ljuk?<\/p>\n\n\n\n<p>Magyarorsz\u00e1g 19 \u00e9ve az Eur\u00f3pai Uni\u00f3 tagja. Ez id\u0151 alatt sz\u00e1mos esetben val\u00f3sult meg abszurd beruh\u00e1z\u00e1s uni\u00f3s p\u00e9nzek felhaszn\u00e1l\u00e1s\u00e1val. Lomb n\u00e9lk\u00fcli lombkoronas\u00e9t\u00e1ny, negyven centis bodrogkereszt\u00fari kil\u00e1t\u00f3, bobp\u00e1lya az Alf\u00f6ld\u00f6n. Ez csak p\u00e1r p\u00e9lda azok k\u00f6z\u00fcl, amiket ezen a ki\u00e1ll\u00edt\u00e1son bemutatunk nektek.<\/p>\n\n\n\n<p>De vannak olyan beruh\u00e1z\u00e1sok, ahol az EU-s p\u00e9nzeket j\u00f3l haszn\u00e1lt\u00e1k fel! Mi az abszurd \u00e9s haszontalan projektek mellett ezeket is bemutatjuk a Vigadva S\u00edr\u00f3s v\u00e1ndorki\u00e1ll\u00edt\u00e1son.<\/p>\n\n\n\n<p>Az uni\u00f3s forr\u00e1sok hat\u00e9kony \u00e9s felel\u0151s felhaszn\u00e1l\u00e1sa kulcsfontoss\u00e1g\u00fa az eur\u00f3pai gazdas\u00e1g fenntarthat\u00f3 n\u00f6veked\u00e9s\u00e9nek \u00e9s az eur\u00f3pai t\u00e1rsadalom j\u00f3l\u00e9t\u00e9nek biztos\u00edt\u00e1sa \u00e9rdek\u00e9ben. A polg\u00e1ri felel\u0151s gazd\u00e1lkod\u00e1s elvei hat\u00e9konyan alkalmazhat\u00f3ak \u00e9s sz\u00e1mos el\u0151nnyel j\u00e1rnak a gazdas\u00e1g \u00e9s a t\u00e1rsadalom sz\u00e1m\u00e1ra. T\u00f6rekedj\u00fcnk arra teh\u00e1t, hogy ezeket az uni\u00f3s forr\u00e1sokat felel\u0151sen haszn\u00e1ljuk fel egy-egy beruh\u00e1z\u00e1s sor\u00e1n!<\/p>\n\n\n\n<p>Vigadjunk s\u00edrva id\u00e9n ny\u00e1ron!<\/p>\n","protected":false},"excerpt":{"rendered":"<p>Kik vagyunk? A M\u00e1sodik Reformkorn\u00e1l abban hisz\u00fcnk, hogy a pillanat ural\u00e1sa helyett t\u00f6rt\u00e9nelmileg is maradand\u00f3 \u00e9rt\u00e9kteremt\u00e9sre van sz\u00fcks\u00e9g. Az\u00e9rt dolgozunk, hogy t\u00fall\u00e9pj\u00fcnk a t\u00f6rzsi gondolkod\u00e1son \u00e9s egy \u00f6nbecs\u00fcl\u00e9ssel rendelkez\u0151, polg\u00e1ri Magyarorsz\u00e1g sz\u00fclethessen. Keress\u00fck azokat az embereket, akikkel k\u00f6z\u00f6sen tudunk alkotni \u00e9s gyarap\u00edtani, hisz a v\u00e1ltoz\u00e1sra, a m\u00e1sodik reformkorra nem v\u00e1rni kell, hanem tenni \u00e9rte. Mi\u00e9rt [&hellip;]<\/p>\n","protected":false},"author":1,"featured_media":0,"parent":0,"menu_order":0,"comment_status":"closed","ping_status":"closed","template":"","meta":{"footnotes":""},"class_list":["post-11","page","type-page","status-publish","hentry"],"_links":{"self":[{"href":"https:\/\/vigadvasiros.2rk.hu\/index.php?rest_route=\/wp\/v2\/pages\/11","targetHints":{"allow":["GET"]}}],"collection":[{"href":"https:\/\/vigadvasiros.2rk.hu\/index.php?rest_route=\/wp\/v2\/pages"}],"about":[{"href":"https:\/\/vigadvasiros.2rk.hu\/index.php?rest_route=\/wp\/v2\/types\/page"}],"author":[{"embeddable":true,"href":"https:\/\/vigadvasiros.2rk.hu\/index.php?rest_route=\/wp\/v2\/users\/1"}],"replies":[{"embeddable":true,"href":"https:\/\/vigadvasiros.2rk.hu\/index.php?rest_route=%2Fwp%2Fv2%2Fcomments&post=11"}],"version-history":[{"count":5,"href":"https:\/\/vigadvasiros.2rk.hu\/index.php?rest_route=\/wp\/v2\/pages\/11\/revisions"}],"predecessor-version":[{"id":115,"href":"https:\/\/vigadvasiros.2rk.hu\/index.php?rest_route=\/wp\/v2\/pages\/11\/revisions\/115"}],"wp:attachment":[{"href":"https:\/\/vigadvasiros.2rk.hu\/index.php?rest_route=%2Fwp%2Fv2%2Fmedia&parent=11"}],"curies":[{"name":"wp","href":"https:\/\/api.w.org\/{rel}","templated":true}]}}

<figure class="wp-block-image size-large"><img loading="lazy" decoding="async" width="1024" height="282" src="http://vigadvasiros.2rk.hu/wp-content/uploads/2023/07/vigadva-siros-felirat-weboldalra-attetszo-hatter-1-e1689080204155-1024x282.png" alt="" class="wp-image-114" srcset="https://vigadvasiros.2rk.hu/wp-content/uploads/2023/07/vigadva-siros-felirat-weboldalra-attetszo-hatter-1-e1689080204155-1024x282.png 1024w, https://vigadvasiros.2rk.hu/wp-content/uploads/2023/07/vigadva-siros-felirat-weboldalra-attetszo-hatter-1-e1689080204155-300x83.png 300w, https://vigadvasiros.2rk.hu/wp-content/uploads/2023/07/vigadva-siros-felirat-weboldalra-attetszo-hatter-1-e1689080204155-768x211.png 768w, https://vigadvasiros.2rk.hu/wp-content/uploads/2023/07/vigadva-siros-felirat-weboldalra-attetszo-hatter-1-e1689080204155-1536x422.png 1536w, https://vigadvasiros.2rk.hu/wp-content/uploads/2023/07/vigadva-siros-felirat-weboldalra-attetszo-hatter-1-e1689080204155-2048x563.png 2048w" sizes="auto, (max-width: 1024px) 100vw, 1024px" /></figure>



<figure class="wp-block-image size-large"><img loading="lazy" decoding="async" width="1024" height="768" src="http://vigadvasiros.2rk.hu/wp-content/uploads/2023/07/1-1024x768.png" alt="" class="wp-image-34" srcset="https://vigadvasiros.2rk.hu/wp-content/uploads/2023/07/1-1024x768.png 1024w, https://vigadvasiros.2rk.hu/wp-content/uploads/2023/07/1-300x225.png 300w, https://vigadvasiros.2rk.hu/wp-content/uploads/2023/07/1-768x576.png 768w, https://vigadvasiros.2rk.hu/wp-content/uploads/2023/07/1-1536x1152.png 1536w, https://vigadvasiros.2rk.hu/wp-content/uploads/2023/07/1-2048x1536.png 2048w" sizes="auto, (max-width: 1024px) 100vw, 1024px" /></figure>



<p>Kik vagyunk?</p>



<p>A Második Reformkornál abban hiszünk, hogy a pillanat uralása helyett történelmileg is maradandó értékteremtésre van szükség. Azért dolgozunk, hogy túllépjünk a törzsi gondolkodáson és egy önbecsüléssel rendelkező, polgári Magyarország születhessen. Keressük azokat az embereket, akikkel közösen tudunk alkotni és gyarapítani, hisz a változásra, a második reformkorra nem várni kell, hanem tenni érte.</p>



<p>Miért csináljuk?</p>



<p>Magyarország 19 éve az Európai Unió tagja. Ez idő alatt számos esetben valósult meg abszurd beruházás uniós pénzek felhasználásával. Lomb nélküli lombkoronasétány, negyven centis bodrogkeresztúri kilátó, bobpálya az Alföldön. Ez csak pár példa azok közül, amiket ezen a kiállításon bemutatunk nektek.</p>



<p>De vannak olyan beruházások, ahol az EU-s pénzeket jól használták fel! Mi az abszurd és haszontalan projektek mellett ezeket is bemutatjuk a Vigadva Sírós vándorkiállításon.</p>



<p>Az uniós források hatékony és felelős felhasználása kulcsfontosságú az európai gazdaság fenntartható növekedésének és az európai társadalom jólétének biztosítása érdekében. A polgári felelős gazdálkodás elvei hatékonyan alkalmazhatóak és számos előnnyel járnak a gazdaság és a társadalom számára. Törekedjünk arra tehát, hogy ezeket az uniós forrásokat felelősen használjuk fel egy-egy beruházás során!</p>



<p>Vigadjunk sírva idén nyáron!</p>

<p>Kik vagyunk? A Második Reformkornál abban hiszünk, hogy a pillanat uralása helyett történelmileg is maradandó értékteremtésre van szükség. Azért dolgozunk, hogy túllépjünk a törzsi gondolkodáson és egy önbecsüléssel rendelkező, polgári Magyarország születhessen. Keressük azokat az embereket, akikkel közösen tudunk alkotni és gyarapítani, hisz a változásra, a második reformkorra nem várni kell, hanem tenni érte. Miért [&hellip;]</p>
